4 - 0).
5, 7
Let k be ((-3 - -6) + -64)/(-1). Let y = k - 36. What are the prime factors of y?
5
Suppose -2*m = -6*m. Let l = 67 - 65. Suppose m = -4*y + k + 105, -5 = -y - l*k + 10. What are the prime factors of y?
5
Let d = 294 + 165. List the prime factors of d.
3, 17
Let n(b) = 0*b + 82 - 3*b - 90. List the prime factors of n(-6).
2, 5
Let w(v) = -7*v - 91. What are the prime factors of w(-34)?
3, 7
Suppose -28*s - 1561 = -2*z - 29*s, 3*z - 2334 = -3*s. What are the prime factors of z?
3, 29
Suppose 0 = 5*c - 63 - 12. Let g be ((-12)/15)/((-2)/c). Suppose m + m - g = 0. List the prime factors of m.
3
Suppose 4*a - 28 = -4*x, 0*x + 2*x + 1 = 3*a. Suppose 4*f + 4*o - 104 = 0, -4*o + o + 102 = x*f. Suppose 0 = 4*s - s - f. What are the prime factors of s?
2
What are the prime factors of (10/(-3))/(2/(-156))?
2, 5, 13
Let d = -9 - 12. Let s = 33 + d. Suppose 0*f - 2*f + x = -35, f + 5*x - s = 0. List the prime factors of f.
17
Suppose 9*c = 11*c. Suppose c = -0*m + 4*m + 3*i - 11, -4*m + 5 = -3*i. List the prime factors of (-81)/(-2)*m/3.
3
Let q(g) = 113*g - 26. What are the prime factors of q(13)?
3, 13, 37
Suppose 8*o - 122 = 110. List the prime factors of o.
29
Let k be 4/5 - 93/(-15). Let q(a) = 2*a - 6. Let g be q(k). What are the prime factors of (g - 6)/(1/5)?
2, 5
Let m(o) be the second derivative of -7/2*o**2 - 2*o**3 - 9*o + 0. What are the prime factors of m(-5)?
53
Suppose -16*m = -1798 - 394. List the prime factors of m.
137
Suppose 3*b = 15*b - 6888. What are the prime factors of b?
2, 7, 41
Suppose 0 = -4*g, -80 = -z - 3*g + g. Let n be -9*(z/12 - 4). Let h = -19 - n. What are the prime factors of h?
5
What are the prime factors of (-64)/((-3)/144*4)?
2, 3
Let i(t) = -t**2 - 5*t - 2. Let w be i(-4). Let m(q) = 3 - 3*q - 5 + 4*q**w + 4*q - q**3. What are the prime factors of m(4)?
2
Let r = 99 + 72. List the prime factors of (r/(-5))/(15/(-75)).
3, 19
Suppose 45 = -3*m - 2*m - 5*i, 4*i - 8 = 0. Suppose 0 = -2*c - 2*c + 64. Let x = m + c. What are the prime factors of x?
5
Let r(w) = -w**3 - 3*w**2 - 2*w + 1. Let g be r(-5). Let v = 71 - 89. Let t = g + v. What are the prime factors of t?
43
Let d = 87 - 54. Suppose p - 75 = -d. What are the prime factors of p?
2, 3, 7
Suppose 2*p = -4, -3*t - 19 = -3*p + 5*p. List the prime factors of (-150)/(-9) + ((-5)/3)/t.
17
Let k(f) = 23*f - 42. Let b be 8 - -1 - ((-120)/5)/(-6). What are the prime factors of k(b)?
73
Suppose 0 = 20*o - 16*o. Suppose -3*q + 0*q + 3*v + 243 = 0, o = -2*q - 4*v + 192. List the prime factors of q.
2, 43
Let r(y) = -3*y - 1. Let t be r(-2). Suppose 0 = 3*p - 5*z - 118, t*z - 16 = -2*p + 21. Suppose p = 5*c - 54. What are the prime factors of c?
17
Suppose -i = 5*d - 37, -4*i - 2*d = -5 - 53. Let t be (1281 - 1)*i/15. List the prime factors of t/72 + 2/(-9).
2, 7
Let v(i) = 4*i**3 + 14*i - 36. What are the prime factors of v(5)?
2, 3, 89
Let b(c) = 717*c + 175. What are the prime factors of b(2)?
1609
Let l be -5*(24/(-40) + 1 + -1). What are the prime factors of ((-4)/5)/(l*(-2)/270)?
2, 3
Let c = -73 - -44. Let b = c - -31. Suppose -2*w - 24 = -k, -36 = 4*k + b*w - 162. What are the prime factors of k?
2, 3, 5
Suppose 0 = -3*v - 11*v + 924. Suppose -v*f + 67*f = 341. List the prime factors of f.
11, 31
Suppose 11 = 4*z - 521. Suppose 0 = 6*a - z - 95. What are the prime factors of a?
2, 19
Suppose 1551 = 6*u - 1269. List the prime factors of u.
2, 5, 47
Suppose t - 3 = -0*t. Let u be (0 - t)/((-15)/10). Suppose 0 = u*x - 5*r - 61, -5*r = 2*x - x + 7. List the prime factors of x.
2, 3
Let j(t) = t**3 - 4*t**2 - 8*t + 7. Let p be j(5). Let b = -7 - p. Let i = b - -34. List the prime factors of i.
5, 7
Suppose -3 - 1 = c. Let q(v) = 2766 + 7*v - 6*v - 2760. What are the prime factors of q(c)?
2
Let i(b) = b**3 - 5*b**2 + 2*b - 6. Let t be i(5). Suppose -4 = 2*l - t*l. Suppose 0 = x + 2*a - 18, -3*a + l*a - 1 = 0. List the prime factors of x.
2, 5
Suppose -64*z + 78*z - 27552 = 0. List the prime factors of z.
2, 3, 41
Let t = 82 - 81. What are the prime factors of (36 - t) + (-1 - -5)?
3, 13
Suppose 9*w - 95 = 4*w. Let s = 892 + -892. Suppose -r + w + 20 = s. What are the prime factors of r?
3, 13
Suppose 3*a + 18 = -12. Let t(f) = -3*f + 11. List the prime factors of t(a).
41
Let c(u) be the second derivative of u**3/6 - 9*u**2/2 + 6*u. Let z be c(4). Let f = z - -23. What are the prime factors of f?
2, 3
Suppose 0 = 10*z - 5 - 25. List the prime factors of 244/24 - z/18.
2, 5
Suppose -36 = -12*b + 15*b. Let w = -8 - 3. List the prime factors of (w/2)/(6/b).
11
Suppose 0 = 40*f - 46*f + 11562. List the prime factors of f.
41, 47
Suppose 0 = 2*l + 3*n - 8*n - 2646, l - 5*n - 1318 = 0. What are the prime factors of l?
2, 83
Let b(d) = -14*d + 3. Let i be b(2). Let z = -303 - i. List the prime factors of 15/(-20) - z/8.
2, 17
Suppose 0*j = 2*j. Let p be (-10*(-2)/(-8))/((-25)/20). List the prime factors of (-15)/(-2)*p + j.
3, 5
Suppose 5*p - 4*c = 980, -6*p + 5*c + 409 = -4*p. List the prime factors of p.
2, 3
Suppose 0 = n - 133 - 389. List the prime factors of (n/15)/(4/10).
3, 29
Suppose -3*z + 5*z = 2*n + 6, z = 5*n - 1. What are the prime factors of 84 + 1/(1/n)?
5, 17
Suppose -2*p = 4*k - 6106, 31*p = -k + 34*p + 1537. List the prime factors of k.
2, 191
Let p = -1974 + 3569. List the prime factors of p.
5, 11, 29
What are the prime factors of (-2*(-3)/(-6))/(17/(-14501))?
853
Suppose 53*v - 59*v + 894 = 0. List the prime factors of v.
149
Suppose -q - 5*j + 63 = -452, -2090 = -4*q - 5*j. What are the prime factors of q?
3, 5, 7
Let k(s) = 31*s + 44. List the prime factors of k(1).
3, 5
Let k be -1 + 2 - (10 - 6). Let c be ((-3)/(k/32))/1. Suppose -2*u = -u - c. List the prime factors of u.
2
Suppose 2 = 3*j - 13. Suppose -z + 101 = 5*m, 2*z + 65 = j*m - 48. Let n = m + -6. What are the prime factors of n?
3, 5
List the prime factors of 1140 + (-7)/(-7)*-9.
3, 13, 29
Suppose -31*i - 4 = -35*i. Let f be ((-20)/(-3))/(3/9). Let m = f - i. List the prime factors of m.
19
Suppose -b - 620 = 4*b. Let o be 6/8 - b/(-16). List the prime factors of (-27)/63 - 115/o.
2
Let n(s) = -4*s**2 - 13*s - 16. Let x(o) = -o**2 - o. Let d(u) = -n(u) + 5*x(u). Let g = 22 - 15. List the prime factors of d(g).
23
Suppose -23 = -3*k + 7. Let g = 6 + k. What are the prime factors of g?
2
Suppose 6*i + 385 = 1111. List the prime factors of i/1 + 0/7.
11
Let q(j) = 2*j**3 + 15*j**2 + 5*j - 9. Let g be q(-7). Suppose -3*m + 51 + 39 = g*k, -2*k - 5*m + 36 = 0. List the prime factors of k.
2, 3
Let z be -29*(2 - (1 + 3)). Suppose -5*x = -4*s + 297, -2*x + z = 2*s - s. What are the prime factors of s?
2, 17
Let w be (-4)/2*(-36)/12. Let u(j) = 4*j - 12. List the prime factors of u(w).
2, 3
Suppose -7*z - z = 1016. Let w = 204 - z. What are the prime factors of w?
331
Suppose t + 5*i = -12, 0*i + 4*i + 9 = -t. Let m be (-8)/t*9/(-6). Let j = 9 + m. List the prime factors of j.
13
Suppose 2*x - 96 = 580. What are the prime factors of x?
2, 13
Let c = 5 + -11. Let n = c - -1. Let v(r) = -2*r + 1. List the prime factors of v(n).
11
Suppose 2*a = -s + 114, -5*s + 3*a + 792 = 157. List the prime factors of s.
2, 31
Suppose 5*b = 4*g + 19, b = -2*b - g + 25. Let n(w) = 5*w**2 - 4 + 0*w**2 + 8*w - 6*w**2 + 0*w**2. List the prime factors of n(b).
3
Let d(n) = 303*n**2 - 3*n + 2. Let q be d(2). Suppose -17*t + q = -849. What are the prime factors of t?
11
Suppose 0 = 16*l - 5227 - 29077. List the prime factors of l.
2, 67
Let d(q) = 18*q**2 - 19*q - 11. List the prime factors of d(9).
2, 11, 29
Suppose u = -6*u + 973. Let r = u + -80. List the prime factors of r.
59
Let t(r) = 8*r**2 + r**3 + 3*r**2 - 2 + 9 + 2*r - 5*r**2. What are the prime factors of t(-4)?
31
Suppose -c - 1550 = -5*c + 2*w, -2*c = -2*w - 772. List the prime factors of c.
389
Suppose -19*n + 24*n - 235 = 0. List the prime factors of n.
47
Let w(f) = -5*f - 19. Suppose -3*n + 8 = b + n, 3*n + 4 = -2*b. What are the prime factors of w(b)?
3, 7
Let g = 2510 - 1788. List the prime factors of g.
2, 19
Suppose 0 = 50*l - 41*l - 18342. What are the prime factors of l?
2, 1019
Let f be 15/21 - (-2)/7. Suppose -41 - f = -3*w. Suppose 90 = -12*h + w*h. List the prime factors of h.
3, 5
Let q(d) be the second derivative of d**4/4 - d**